te the greatest common divisor of 304 and 133247.
19
Calculate the highest common divisor of 211888 and 6992.
304
What is the greatest common factor of 4004 and 135212?
308
What is the greatest common factor of 48 and 127056?
48
What is the greatest common divisor of 2779196 and 224?
28
Calculate the highest common factor of 498 and 10292.
166
Calculate the highest common factor of 767 and 2574.
13
What is the highest common factor of 20001 and 2712?
339
Calculate the highest common divisor of 5754 and 294.
42
Calculate the highest common divisor of 6431 and 118.
59
Calculate the greatest common divisor of 3857 and 381577.
133
Calculate the highest common divisor of 3398458 and 14.
14
What is the greatest common divisor of 21944 and 3848?
104
What is the highest common divisor of 3483 and 117207?
81
Calculate the greatest common factor of 1130 and 32970.
10
Calculate the highest common factor of 15 and 3953895.
15
What is the highest common factor of 1426 and 47244?
62
What is the greatest common factor of 5148 and 660?
132
What is the highest common divisor of 60 and 193300?
20
Calculate the highest common divisor of 92385 and 15.
15
Calculate the highest common factor of 141 and 39057.
141
Calculate the greatest common factor of 346438 and 2.
2
Calculate the highest common divisor of 293476 and 12.
4
What is the greatest common factor of 399 and 30495?
57
Calculate the highest common factor of 261 and 3087.
9
Calculate the highest common divisor of 68382 and 144.
18
What is the highest common divisor of 896 and 979664?
112
Calculate the highest common factor of 3786054 and 171.
57
Calculate the highest common divisor of 31 and 3544385.
31
Calculate the greatest common divisor of 5104 and 2816.
176
What is the greatest common divisor of 531759 and 471?
471
What is the greatest common divisor of 1440 and 864720?
720
What is the greatest common divisor of 760 and 255322?
38
Calculate the greatest common factor of 980 and 62320.
20
What is the greatest common factor of 1 and 7457?
1
Calculate the greatest common factor of 7710 and 1734.
6
Calculate the highest common divisor of 35 and 5432.
7
Calculate the greatest common factor of 87 and 225794.
29
Calculate the highest common divisor of 45 and 38085.
15
What is the greatest common factor of 297297 and 78?
39
Calculate the highest common factor of 896 and 1249472.
448
Calculate the greatest common factor of 450 and 258.
6
What is the greatest common factor of 2252726 and 1448?
362
What is the highest common divisor of 34445 and 10?
5
Calculate the greatest common divisor of 57 and 10500.
3
What is the greatest common divisor of 69 and 734?
1
What is the greatest common factor of 22 and 44583?
11
Calculate the greatest common divisor of 10125 and 153.
9
Calculate the highest common divisor of 27633 and 2257.
61
What is the highest common divisor of 180 and 119916?
36
Calculate the greatest common divisor of 260 and 375908.
52
What is the highest common factor of 15 and 1281595?
5
Calculate the highest common factor of 10055 and 5485.
5
What is the highest common divisor of 1452 and 62799?
363
What is the highest common divisor of 336 and 17904?
48
Calculate the highest common factor of 212 and 11183.
53
Calculate the greatest common divisor of 7424 and 45008.
464
Calculate the highest common factor of 112508 and 33.
11
What is the highest common divisor of 680 and 69377?
17
Calculate the highest common factor of 891 and 202851.
297
Calculate the greatest common factor of 20 and 217255.
5
What is the highest common factor of 1197276 and 442?
34
What is the greatest common divisor of 388869 and 169?
169
Calculate the greatest common divisor of 702 and 4992.
78
What is the highest common factor of 81552 and 3564?
12
Calculate the highest common divisor of 98 and 6878.
2
Calculate the highest common divisor of 8509 and 7906.
67
Calculate the greatest common factor of 12344 and 144.
8
Calculate the highest common factor of 398823 and 222.
111
Calculate the greatest common factor of 57 and 199424.
19
Calculate the greatest common factor of 4031 and 3.
1
Calculate the highest common divisor of 252 and 5694948.
252
What is the greatest common factor of 15 and 250800?
15
Calculate the greatest common divisor of 9674 and 868.
14
What is the highest common factor of 363 and 4323?
33
Calculate the greatest common factor of 103020 and 150.
30
What is the greatest common divisor of 25440 and 420?
60
What is the greatest common factor of 176 and 37972?
44
What is the greatest common divisor of 1416 and 71685?
177
Calculate the highest common factor of 465 and 103044.
93
Calculate the highest common divisor of 272753 and 52.
13
Calculate the highest common divisor of 270 and 5238.
54
Calculate the greatest common divisor of 1985709 and 627.
627
What is the highest common divisor of 85 and 13141?
17
Calculate the greatest common divisor of 1311 and 5529.
57
Calculate the greatest common factor of 3219 and 13833.
87
Calculate the highest common divisor of 23542 and 5662.
298
What is the greatest common factor of 15 and 361815?
15
What is the highest common divisor of 16104 and 53064?
264
Calculate the greatest common factor of 13 and 37817.
13
Calculate the greatest common divisor of 1314799 and 1124.
281
Calculate the highest common factor of 721 and 78486.
103
Calculate the highest common divisor of 18549 and 824400.
2061
What is the highest common divisor of 30 and 40400?
10
What is the highest common divisor of 143449 and 481?
37
Calculate the highest common divisor of 651 and 84413.
217
What is the greatest common divisor of 161445 and 423?
141
What is the greatest common divisor of 5008 and 135529?
313
Calculate the highest common factor of 975 and 106800.
75
What is the highest common factor of 1310050 and 380?
190
Calculate the greatest common factor of 67 and 7839.
67
Calculate the greatest common factor of 3306 and 11919.
87
Calculate the highest common factor of 1756760 and 3561.
1187
What is the greatest common factor of 440 and 12265?
55
Calculate the greatest common divisor of 42136 and 89608.
184
What is the highest common factor of 3560 and 10235?
445
What is the greatest common factor of 226 and 72885?
113
Calculate the greatest common divisor of 133 and 227411.
19
What is the greatest common factor of 25 and 34880?
5
Calculate the highest common divisor of 47365 and 65.
5
Calculate the greatest common divisor of 959595 and 13.
13
What is the greatest common factor of 14536 and 552?
184
Calculate the highest common divisor of 107203 and 395.
79
What is the greatest common factor of 122148 and 39852?
324
Calculate the highest common factor of 8224 and 69647.
257
What is the highest common factor of 51896 and 832?
104
Calculate the greatest common factor of 650 and 25600.
50
What is the greatest common factor of 1903496 and 56?
56
What is the greatest common factor of 28440 and 1395?
45
Calculate the highest common divisor of 72138 and 66.
66
What is the highest common factor of 517 and 180?
1
What is the greatest common factor of 187 and 366673?
17
Calculate the highest common divisor of 1309320 and 160.
40
What is the greatest common divisor of 1898974 and 42?
14
Calculate the greatest common factor of 5357 and 1089.
11
What is the greatest common divisor of 20935 and 1643?
53
What is the greatest common divisor of 108 and 169479?
27
Calculate the greatest common factor of 1905 and 133590.
15
Calculate the greatest common factor of 45 and 458715.
15
Calculate the highest common factor of 6 and 10718.
2
Calculate the highest common factor of 2119436 and 44.
44
Calculate the highest common divisor of 295 and 5363395.
295
What is the highest common factor of 10506 and 33681?
309
What is the greatest common factor of 90029 and 1182?
197
What is the highest common factor of 12 and 8634?
6
Calculate the highest common divisor of 5 and 1531.
1
What is the greatest common factor of 12481 and 39226?
1783
What is the greatest common factor of 5352 and 4829288?
1784
Calculate the greatest common factor of 116821 and 16.
1
What is the highest common factor of 378036 and 72?
36
Calculate the highest common divisor of 1420 and 236075.
355
What is the highest common factor of 1344 and 9536?
64
Calculate th